{"id":375,"date":"2021-01-22T14:41:09","date_gmt":"2021-01-22T14:41:09","guid":{"rendered":"https:\/\/isi2021.net\/?post_type=mp-event&#038;p=375"},"modified":"2021-03-09T07:38:17","modified_gmt":"2021-03-09T07:38:17","slug":"invited-lecture-2","status":"publish","type":"mp-event","link":"https:\/\/isi2021.net\/index.php\/timetable\/event\/invited-lecture-2\/","title":{"rendered":"Keynote 2: Digitale Kunstgeschichte und Bilddatenbanken als Synthese von Foto-, Dia und Bibliothek"},"content":{"rendered":"\n<h3>Peter Bell<\/h3>\n\n\n\n<p>Department Medienwissenschaften und Kunstgeschichte, Institut f\u00fcr Kunstgeschichte, Friedrich-Alexander Universit\u00e4t Erlangen-N\u00fcrnberg, Deutschland\u00a0<\/p>\n\n\n\n<p><strong>Chair: Christian Wolff<\/strong><\/p>\n\n\n\n<p><strong>Abstract<\/strong><\/p>\n\n\n\n<p>F\u00fcr Studierende der Kunstgeschichte ist das Dia ein fremdes Artefakt geworden. Auch die Fototheken werden meist nur noch digital genutzt. Ist also die Trans-formation ins Digitale konzeptionell abgeschlossen und es geht nur noch um das blo\u00dfe Digitalisieren des noch Analogen? Inwieweit sind die Praktiken bzw. Pro-duktionsweisen der Fotothek, Diathek und Bibliothek in die digitalen Bilddaten-banken eingegangen? Wo ergeben sich Defizite und Potenziale gegen\u00fcber den vorangegangen Dispositiven \u2013nicht nur durch das Digitale per se, sondern be-sonders bzgl. aktueller Entwicklungen (z. B. des maschinellen Lernens)? Entwi-ckelt sich die digitale Kunstgeschichte dadurch zu einer bildgetriebenen Wissen-schaft?&nbsp;<\/p>\n\n\n\n<p>Die digitale Kunstgeschichte ist ma\u00dfgeblich im Rahmen der Entwicklung von Bilddatenbanken entstanden und auch das mittlerweile ausdifferenzierte und ansatzweise etablierte Forschungsfeld kreist immer wieder um (zentrale) Bild-datenbanken. Dabei sieht sich die digitale Kunstgeschichte \u2013etwa im Rahmen der Nationalen Forschungsdateninfrastruktur (NFDI) \u2013geradezu als Anwalt der Bilder und unterstreicht deren Wichtigkeit als Daten und Bedeutungstr\u00e4ger. Um diese \u00dcberzeugung zu mehr zu machen als einem blo\u00dfen Selbstverst\u00e4ndnis, emp-fiehlt sich der Blick in den Bild-und Mediengebrauch der Kunstgeschichte. In Etappen sollen bildzentrierte Arbeits-und Darstellungsweisen von Kunstge-schichte rekapituliert und ihr Fortbestehen und Fehlen in den Bilddatenbanken thematisiert werden. Es geht auch um das Verh\u00e4ltnis des Faches zu seinen Infra-strukturen. Zuletzt werfen alle Fragen nach dem Umgang mit dem Bild auch die Gegenfragen nach dem Text auf \u2013ob als Metadaten oder Forschungsliteratur.&nbsp;<\/p>\n","protected":false},"excerpt":{"rendered":"<p>Peter Bell Department Medienwissenschaften und Kunstgeschichte, Institut f\u00fcr Kunstgeschichte, Friedrich-Alexander Universit\u00e4t Erlangen-N\u00fcrnberg, Deutschland\u00a0 Chair: Christian Wolff Abstract F\u00fcr Studierende der Kunstgeschichte ist das Dia ein fremdes Artefakt geworden. Auch die Fototheken werden meist nur noch digital genutzt. Ist also die Trans-formation ins Digitale konzeptionell abgeschlossen und es geht nur noch um das blo\u00dfe Digitalisieren des&hellip;&nbsp;<a href=\"https:\/\/isi2021.net\/index.php\/timetable\/event\/invited-lecture-2\/\" class=\"\" rel=\"bookmark\">Read More &raquo;<span class=\"screen-reader-text\">Keynote 2: Digitale Kunstgeschichte und Bilddatenbanken als Synthese von Foto-, Dia und Bibliothek<\/span><\/a><\/p>\n","protected":false},"author":1,"featured_media":0,"menu_order":0,"comment_status":"open","ping_status":"closed","template":"","mp-event_category":[29],"mp-event_tag":[],"_links":{"self":[{"href":"https:\/\/isi2021.net\/index.php\/wp-json\/wp\/v2\/mp-event\/375"}],"collection":[{"href":"https:\/\/isi2021.net\/index.php\/wp-json\/wp\/v2\/mp-event"}],"about":[{"href":"https:\/\/isi2021.net\/index.php\/wp-json\/wp\/v2\/types\/mp-event"}],"author":[{"embeddable":true,"href":"https:\/\/isi2021.net\/index.php\/wp-json\/wp\/v2\/users\/1"}],"replies":[{"embeddable":true,"href":"https:\/\/isi2021.net\/index.php\/wp-json\/wp\/v2\/comments?post=375"}],"wp:attachment":[{"href":"https:\/\/isi2021.net\/index.php\/wp-json\/wp\/v2\/media?parent=375"}],"wp:term":[{"taxonomy":"mp-event_category","embeddable":true,"href":"https:\/\/isi2021.net\/index.php\/wp-json\/wp\/v2\/mp-event_category?post=375"},{"taxonomy":"mp-event_tag","embeddable":true,"href":"https:\/\/isi2021.net\/index.php\/wp-json\/wp\/v2\/mp-event_tag?post=375"}],"curies":[{"name":"wp","href":"https:\/\/api.w.org\/{rel}","templated":true}]}}

<h3>Peter Bell</h3>



<p>Department Medienwissenschaften und Kunstgeschichte, Institut für Kunstgeschichte, Friedrich-Alexander Universität Erlangen-Nürnberg, Deutschland </p>



<p><strong>Chair: Christian Wolff</strong></p>



<p><strong>Abstract</strong></p>



<p>Für Studierende der Kunstgeschichte ist das Dia ein fremdes Artefakt geworden. Auch die Fototheken werden meist nur noch digital genutzt. Ist also die Trans-formation ins Digitale konzeptionell abgeschlossen und es geht nur noch um das bloße Digitalisieren des noch Analogen? Inwieweit sind die Praktiken bzw. Pro-duktionsweisen der Fotothek, Diathek und Bibliothek in die digitalen Bilddaten-banken eingegangen? Wo ergeben sich Defizite und Potenziale gegenüber den vorangegangen Dispositiven –nicht nur durch das Digitale per se, sondern be-sonders bzgl. aktueller Entwicklungen (z. B. des maschinellen Lernens)? Entwi-ckelt sich die digitale Kunstgeschichte dadurch zu einer bildgetriebenen Wissen-schaft?&nbsp;</p>



<p>Die digitale Kunstgeschichte ist maßgeblich im Rahmen der Entwicklung von Bilddatenbanken entstanden und auch das mittlerweile ausdifferenzierte und ansatzweise etablierte Forschungsfeld kreist immer wieder um (zentrale) Bild-datenbanken. Dabei sieht sich die digitale Kunstgeschichte –etwa im Rahmen der Nationalen Forschungsdateninfrastruktur (NFDI) –geradezu als Anwalt der Bilder und unterstreicht deren Wichtigkeit als Daten und Bedeutungsträger. Um diese Überzeugung zu mehr zu machen als einem bloßen Selbstverständnis, emp-fiehlt sich der Blick in den Bild-und Mediengebrauch der Kunstgeschichte. In Etappen sollen bildzentrierte Arbeits-und Darstellungsweisen von Kunstge-schichte rekapituliert und ihr Fortbestehen und Fehlen in den Bilddatenbanken thematisiert werden. Es geht auch um das Verhältnis des Faches zu seinen Infra-strukturen. Zuletzt werfen alle Fragen nach dem Umgang mit dem Bild auch die Gegenfragen nach dem Text auf –ob als Metadaten oder Forschungsliteratur.&nbsp;</p>

<p>Peter Bell Department Medienwissenschaften und Kunstgeschichte, Institut für Kunstgeschichte, Friedrich-Alexander Universität Erlangen-Nürnberg, Deutschland  Chair: Christian Wolff Abstract Für Studierende der Kunstgeschichte ist das Dia ein fremdes Artefakt geworden. Auch die Fototheken werden meist nur noch digital genutzt. Ist also die Trans-formation ins Digitale konzeptionell abgeschlossen und es geht nur noch um das bloße Digitalisieren des&hellip;&nbsp;<a href="https://isi2021.net/index.php/timetable/event/invited-lecture-2/" class="" rel="bookmark">Read More &raquo;<span class="screen-reader-text">Keynote 2: Digitale Kunstgeschichte und Bilddatenbanken als Synthese von Foto-, Dia und Bibliothek</span></a></p>
